{"id":153,"date":"2015-09-05T13:37:30","date_gmt":"2015-09-05T12:37:30","guid":{"rendered":"http:\/\/rossysa.ch\/?page_id=153"},"modified":"2016-02-19T14:55:19","modified_gmt":"2016-02-19T13:55:19","slug":"vehicule-de-remplacement","status":"publish","type":"page","link":"https:\/\/rossysa.ch\/index.php\/services\/vehicule-de-remplacement\/","title":{"rendered":"V\u00e9hicule de remplacement"},"content":{"rendered":"<p>R\u00e9servez votre voiture de remplacement lors de votre prise de rendez-vous.<\/p>\n<p>Profitez de notre <strong>prix pr\u00e9f\u00e9rentiel<\/strong>: <strong>une participation de Fr. 30.&#8211; la journ\u00e9e<\/strong>, inclus 150 km.<\/p>\n<p>Nous vous informons que nous sommes situ\u00e9s \u00e0 2 minutes de la gare et qu&rsquo;un train circule toutes les 1\/2 heures entre Fribourg &#8211; Payerne &#8211; Yverdon<\/p>\n<p>Vous pouvez cliquez\u00a0directement sur ce lien pour acc\u00e9der aux\u00a0horaires : <a href=\"http:\/\/www.cff.ch\/home.html\">CFF<\/a><\/p>\n","protected":false},"excerpt":{"rendered":"<p>R\u00e9servez votre voiture de remplacement lors de votre prise de rendez-vous. Profitez de notre prix pr\u00e9f\u00e9rentiel: une participation de Fr. 30.&#8211; la journ\u00e9e, inclus 150 km. Nous vous informons que nous sommes situ\u00e9s \u00e0 2 minutes de la gare et qu&rsquo;un train circule toutes les 1\/2 heures entre Fribourg &#8211; Payerne &#8211; Yverdon Vous pouvez<\/p>\n<p class=\"more-link\"><a href=\"https:\/\/rossysa.ch\/index.php\/services\/vehicule-de-remplacement\/\" class=\"themebutton2\">READ MORE<\/a><\/p>\n","protected":false},"author":1,"featured_media":0,"parent":40,"menu_order":0,"comment_status":"closed","ping_status":"closed","template":"","meta":{"footnotes":""},"_links":{"self":[{"href":"https:\/\/rossysa.ch\/index.php\/wp-json\/wp\/v2\/pages\/153"}],"collection":[{"href":"https:\/\/rossysa.ch\/index.php\/wp-json\/wp\/v2\/pages"}],"about":[{"href":"https:\/\/rossysa.ch\/index.php\/wp-json\/wp\/v2\/types\/page"}],"author":[{"embeddable":true,"href":"https:\/\/rossysa.ch\/index.php\/wp-json\/wp\/v2\/users\/1"}],"replies":[{"embeddable":true,"href":"https:\/\/rossysa.ch\/index.php\/wp-json\/wp\/v2\/comments?post=153"}],"version-history":[{"count":0,"href":"https:\/\/rossysa.ch\/index.php\/wp-json\/wp\/v2\/pages\/153\/revisions"}],"up":[{"embeddable":true,"href":"https:\/\/rossysa.ch\/index.php\/wp-json\/wp\/v2\/pages\/40"}],"wp:attachment":[{"href":"https:\/\/rossysa.ch\/index.php\/wp-json\/wp\/v2\/media?parent=153"}],"curies":[{"name":"wp","href":"https:\/\/api.w.org\/{rel}","templated":true}]}}