{"id":209,"date":"2015-10-01T12:30:16","date_gmt":"2015-10-01T11:30:16","guid":{"rendered":"http:\/\/rossysa.ch\/?page_id=209"},"modified":"2026-03-19T09:33:50","modified_gmt":"2026-03-19T08:33:50","slug":"accueil-2","status":"publish","type":"page","link":"https:\/\/rossysa.ch\/","title":{"rendered":"Accueil"},"content":{"rendered":"\n<figure class=\"wp-block-gallery has-nested-images columns-default is-cropped wp-block-gallery-1 is-layout-flex wp-block-gallery-is-layout-flex\">\n<figure class=\"wp-block-image size-large\"><a href=\"https:\/\/rossysa.ch\/wp-content\/uploads\/2026\/03\/ts_001-scaled.jpg\"><img loading=\"lazy\" decoding=\"async\" width=\"1024\" height=\"614\" data-id=\"425412\" src=\"https:\/\/rossysa.ch\/wp-content\/uploads\/2026\/03\/ts_001-1024x614.jpg\" alt=\"\" class=\"wp-image-425412\" srcset=\"https:\/\/rossysa.ch\/wp-content\/uploads\/2026\/03\/ts_001-1024x614.jpg 1024w, https:\/\/rossysa.ch\/wp-content\/uploads\/2026\/03\/ts_001-300x180.jpg 300w, https:\/\/rossysa.ch\/wp-content\/uploads\/2026\/03\/ts_001-768x461.jpg 768w, https:\/\/rossysa.ch\/wp-content\/uploads\/2026\/03\/ts_001-1536x922.jpg 1536w, https:\/\/rossysa.ch\/wp-content\/uploads\/2026\/03\/ts_001-2048x1229.jpg 2048w, https:\/\/rossysa.ch\/wp-content\/uploads\/2026\/03\/ts_001-570x342.jpg 570w\" sizes=\"(max-width: 1024px) 100vw, 1024px\" \/><\/a><\/figure>\n<\/figure>\n\n\n\n<p><strong>Les vid\u00e9os Service Cam vous proposent une analyse transparente et claire des travaux devant \u00eatre r\u00e9alis\u00e9s<\/strong>. Une pr\u00e9sentation claire des co\u00fbts vous permet de d\u00e9cider plus facilement des travaux que vous souhaitez autoriser.<\/p>\n\n\n\n<p>O\u00f9 que vous soyez, quoi que vous fassiez, notre expert vous emm\u00e8ne \u00e0 l\u2019atelier par le biais d\u2019une vid\u00e9o et vous informe directement de l\u2019\u00e9tat technique de votre v\u00e9hicule. Un service personnalis\u00e9 et pratique.<\/p>\n\n\n\n<p><strong>Vos avantages :<\/strong><\/p>\n\n\n\n<ul>\n<li>flexible<\/li>\n\n\n\n<li>transparent<\/li>\n\n\n\n<li>mobile<\/li>\n<\/ul>\n\n\n\n<figure class=\"wp-block-video aligncenter\"><video controls src=\"https:\/\/rossysa.ch\/wp-content\/uploads\/2023\/10\/Aftersales_VW_Video_Service-Cam-16-9_88s_FR-1.mp4\"><\/video><\/figure>\n\n\n\n<h2 class=\"wp-block-heading\"><\/h2>\n\n\n\n<h2 class=\"wp-block-heading\"><\/h2>\n\n\n\n<figure class=\"wp-block-gallery has-nested-images columns-default is-cropped wp-block-gallery-2 is-layout-flex wp-block-gallery-is-layout-flex\"><\/figure>\n\n\n\n<figure class=\"wp-block-gallery has-nested-images columns-default is-cropped wp-block-gallery-3 is-layout-flex wp-block-gallery-is-layout-flex\"><\/figure>\n\n\n\n\n\n<figure class=\"wp-block-gallery has-nested-images columns-default is-cropped wp-block-gallery-4 is-layout-flex wp-block-gallery-is-layout-flex\"><\/figure>\n\n\n\n<figure class=\"wp-block-gallery has-nested-images columns-default is-cropped wp-block-gallery-5 is-layout-flex wp-block-gallery-is-layout-flex\"><\/figure>\n\n\n\n<figure class=\"wp-block-gallery has-nested-images columns-default is-cropped wp-block-gallery-6 is-layout-flex wp-block-gallery-is-layout-flex\"><\/figure>\n\n\n\n<figure class=\"wp-block-gallery has-nested-images columns-default is-cropped wp-block-gallery-7 is-layout-flex wp-block-gallery-is-layout-flex\"><\/figure>\n\n\n\n\n\n\n\n\n\n\n\n\n\n<figure class=\"wp-block-gallery has-nested-images columns-default is-cropped wp-block-gallery-8 is-layout-flex wp-block-gallery-is-layout-flex\"><\/figure>\n\n\n\n\n\n\n\n\n\n\n","protected":false},"excerpt":{"rendered":"<p>Les vid\u00e9os Service Cam vous proposent une analyse transparente et claire des travaux devant \u00eatre r\u00e9alis\u00e9s. Une pr\u00e9sentation claire des co\u00fbts vous permet de d\u00e9cider plus facilement des travaux que vous souhaitez autoriser. O\u00f9 que vous soyez, quoi que vous fassiez, notre expert vous emm\u00e8ne \u00e0 l\u2019atelier par le biais d\u2019une vid\u00e9o et vous informe<\/p>\n<p class=\"more-link\"><a href=\"https:\/\/rossysa.ch\/\" class=\"themebutton2\">READ MORE<\/a><\/p>\n","protected":false},"author":4,"featured_media":911,"parent":0,"menu_order":0,"comment_status":"closed","ping_status":"closed","template":"","meta":{"footnotes":""},"_links":{"self":[{"href":"https:\/\/rossysa.ch\/index.php\/wp-json\/wp\/v2\/pages\/209"}],"collection":[{"href":"https:\/\/rossysa.ch\/index.php\/wp-json\/wp\/v2\/pages"}],"about":[{"href":"https:\/\/rossysa.ch\/index.php\/wp-json\/wp\/v2\/types\/page"}],"author":[{"embeddable":true,"href":"https:\/\/rossysa.ch\/index.php\/wp-json\/wp\/v2\/users\/4"}],"replies":[{"embeddable":true,"href":"https:\/\/rossysa.ch\/index.php\/wp-json\/wp\/v2\/comments?post=209"}],"version-history":[{"count":64,"href":"https:\/\/rossysa.ch\/index.php\/wp-json\/wp\/v2\/pages\/209\/revisions"}],"predecessor-version":[{"id":425414,"href":"https:\/\/rossysa.ch\/index.php\/wp-json\/wp\/v2\/pages\/209\/revisions\/425414"}],"wp:featuredmedia":[{"embeddable":true,"href":"https:\/\/rossysa.ch\/index.php\/wp-json\/wp\/v2\/media\/911"}],"wp:attachment":[{"href":"https:\/\/rossysa.ch\/index.php\/wp-json\/wp\/v2\/media?parent=209"}],"curies":[{"name":"wp","href":"https:\/\/api.w.org\/{rel}","templated":true}]}}